{"id":35,"date":"2013-03-19T07:43:54","date_gmt":"2013-03-19T07:43:54","guid":{"rendered":"http:\/\/willkommen.struss-heimausstattung.de\/?page_id=35"},"modified":"2025-02-13T07:28:48","modified_gmt":"2025-02-13T07:28:48","slug":"home","status":"publish","type":"page","link":"https:\/\/willkommen.struss-heimausstattung.de\/","title":{"rendered":"Stru\u00df-Heimausstattung"},"content":{"rendered":"<p style=\"text-align: center;\"><strong>Herzlich willkommen bei Stru\u00df-Heimausstattung <\/strong><br \/>\n<strong>Ihrem Partner f\u00fcr individuelle Wohnraumgestaltung<\/strong><\/p>\n<p class=\"hide-if-no-js\" style=\"text-align: center;\"><a href=\"https:\/\/willkommen.struss-heimausstattung.de\/wp-content\/uploads\/2013\/03\/Struss-Vilsen.jpg\"><img loading=\"lazy\" decoding=\"async\" class=\"alignnone size-medium wp-image-36\" src=\"https:\/\/willkommen.struss-heimausstattung.de\/wp-content\/uploads\/2013\/03\/Struss-Vilsen-300x224.jpg\" alt=\"Struss-Vilsen\" width=\"300\" height=\"224\" srcset=\"https:\/\/willkommen.struss-heimausstattung.de\/wp-content\/uploads\/2013\/03\/Struss-Vilsen-300x224.jpg 300w, https:\/\/willkommen.struss-heimausstattung.de\/wp-content\/uploads\/2013\/03\/Struss-Vilsen-280x209.jpg 280w, https:\/\/willkommen.struss-heimausstattung.de\/wp-content\/uploads\/2013\/03\/Struss-Vilsen.jpg 400w\" sizes=\"auto, (max-width: 300px) 100vw, 300px\" \/><\/a><\/p>\n<p style=\"text-align: center;\">Unsere Laden\u00f6ffnungszeiten sind<\/p>\n<p style=\"text-align: center;\">Montags bis Freitags, 09:00 &#8211; 12:30 Uhr und von 14:30 &#8211; 18:30<\/p>\n<p style=\"text-align: center;\">\n<a title=\"Impressum\" href=\"https:\/\/willkommen.struss-heimausstattung.de\/?page_id=23\">Impressum<\/a> | <a href=\"https:\/\/willkommen.struss-heimausstattung.de\/?page_id=131\" target=\"_blank\" rel=\"noopener\">Datenschutzerkl\u00e4rung<\/a><\/p>\n","protected":false},"excerpt":{"rendered":"<p>Herzlich willkommen bei Stru\u00df-Heimausstattung Ihrem Partner f\u00fcr individuelle Wohnraumgestaltung Unsere Laden\u00f6ffnungszeiten sind Montags bis Freitags, 09:00 &#8211; 12:30 Uhr und von 14:30 &#8211; 18:30 Impressum | Datenschutzerkl\u00e4rung<\/p>\n","protected":false},"author":1,"featured_media":0,"parent":0,"menu_order":0,"comment_status":"closed","ping_status":"closed","template":"","meta":{"footnotes":""},"class_list":["post-35","page","type-page","status-publish","hentry"],"_links":{"self":[{"href":"https:\/\/willkommen.struss-heimausstattung.de\/index.php?rest_route=\/wp\/v2\/pages\/35","targetHints":{"allow":["GET"]}}],"collection":[{"href":"https:\/\/willkommen.struss-heimausstattung.de\/index.php?rest_route=\/wp\/v2\/pages"}],"about":[{"href":"https:\/\/willkommen.struss-heimausstattung.de\/index.php?rest_route=\/wp\/v2\/types\/page"}],"author":[{"embeddable":true,"href":"https:\/\/willkommen.struss-heimausstattung.de\/index.php?rest_route=\/wp\/v2\/users\/1"}],"replies":[{"embeddable":true,"href":"https:\/\/willkommen.struss-heimausstattung.de\/index.php?rest_route=%2Fwp%2Fv2%2Fcomments&post=35"}],"version-history":[{"count":10,"href":"https:\/\/willkommen.struss-heimausstattung.de\/index.php?rest_route=\/wp\/v2\/pages\/35\/revisions"}],"predecessor-version":[{"id":150,"href":"https:\/\/willkommen.struss-heimausstattung.de\/index.php?rest_route=\/wp\/v2\/pages\/35\/revisions\/150"}],"wp:attachment":[{"href":"https:\/\/willkommen.struss-heimausstattung.de\/index.php?rest_route=%2Fwp%2Fv2%2Fmedia&parent=35"}],"curies":[{"name":"wp","href":"https:\/\/api.w.org\/{rel}","templated":true}]}}